0*r**2 - 32*r + 17. Let j be 4 - (-4 + 22) - (-2 - 0). Is u(j) a prime number?
False
Suppose -40 = -3*z + 2. Let p = 16 - z. Suppose 3*x - 333 = -5*n, 0 = -4*n - 2*x - p*x + 260. Is n a composite number?
True
Is (-168836)/6*(-9 - (-150)/20) composite?
False
Suppose -2*v = 56 + 44. Is ((-860)/v)/((-1)/(-5)) prime?
False
Suppose -3218 = -2*d + 3*k, d = 2*d - 4*k - 1614. Suppose -941 - d = -3*x. Is x a prime number?
False
Let p = 2187 - 1961. Is p composite?
True
Suppose s = 451 + 3208. Is s a prime number?
True
Suppose w - 7599 = -4*i, w - 3910 = 5*i + 3698. Is w a composite number?
False
Suppose 361*o = 350*o + 1288793. Is o composite?
False
Let y(k) be the second derivative of -k**5/20 + k**4/12 - k**3/3 - k**2 + k. Suppose -5*l - 5*r - 30 = 0, 4*l - 14 = 5*l + 3*r. Is y(l) a composite number?
True
Let w be 872/6*((-126)/12)/(-7). Suppose 5*v - 420 = -0*v. Suppose j + v = w. Is j composite?
True
Let r(s) = 7*s - 10. Suppose 11 = 3*q - 31. Let f be r(q). Is (f - 1) + 8/(-2) a composite number?
False
Suppose -4*i + 181664 = -38484. Is i a composite number?
True
Suppose -4*g + 3*s + 16367 = 0, -7*s + 2*s - 5 = 0. Is g a composite number?
False
Suppose 0*x - 3*x + 286287 = 4*i, -x - i = -95429. Is x composite?
False
Let t = -729 + 1280. Let c = t - 132. Is c prime?
True
Let n be (207/7)/(-9) - 2/(-7). Is (-1)/(n - (-3 - 3/(-993))) prime?
True
Is (1/1 - 3794)/(-13 + 12) prime?
True
Suppose 53*v = 6*v + 1488443. Is v composite?
True
Suppose -5*w + 82 = 2. Let u = 13 - w. Is 3 - ((u - -2) + -453) prime?
True
Is 40504 - ((-3 - -9) + -9) prime?
True
Suppose -143192 = 13*r - 21*r. Is r composite?
True
Let y(i) = 5*i**2 + 3*i - 1. Suppose -4*n = 2*t - 106, 3*t - 122 = -5*n + 4*t. Suppose 0 = -5*k - n, -4*m + 14 = -2*m - 4*k. Is y(m) composite?
True
Let i(o) = o**3 + 9*o**2 - 9*o + 13. Let l be i(-10). Suppose -3*n + 755 = -2*c, l*c = 3*n - 323 - 433. Is n prime?
True
Let n(t) = 17 + t**3 + 17*t**2 + 0*t**3 + 0*t - 6*t - 8*t. Is n(-16) prime?
False
Suppose -10*x - 321 = -9871. Is x a prime number?
False
Is ((-22853)/(-6))/(14/84) a composite number?
False
Let k be 10/(-4) + (-7077)/(-6). Suppose w = 346 + k. Is w a prime number?
True
Let l(x) = -2 + 8 + 17 - x. Is l(19) a prime number?
False
Suppose 227 = -0*q + 5*q - 3*h, 226 = 5*q - 4*h. Let u = -14 - -9. Let p = q - u. Is p a composite number?
True
Let x = -1 + 0. Let h(p) = -79*p**3 + 4 - p**2 - 8 - 3*p + 4 - 2. Is h(x) composite?
False
Is (1/5)/((-5)/(-654575)) prime?
True
Suppose 2*z - 9 - 1 = 0, t - 5*z = 8688. Is t prime?
True
Let g = -3 + -2. Let r(d) = -83*d**2 - 2*d - 1. Let t(x) = 42*x**2 + x. Let j(q) = g*t(q) - 3*r(q). Is j(-2) a composite number?
False
Suppose -c - 2*h + 71729 = 0, -h - 313065 = -5*c + 45591. Is c composite?
True
Suppose 2*n + 4471 = -b + 2*b, -5*b - 2*n + 22415 = 0. Is b composite?
False
Suppose 404 + 286 = -5*o. Let x = -103 - -32. Let t = x - o. Is t a prime number?
True
Let x be 51 + (3 - 2/(-2)). Suppose -52 = -3*j + 5*y, 0*j - 2*y = -3*j + x. Is j composite?
False
Let v(a) = 66*a + 5. Let r(s) = 4*s + 32. Let t be r(-7). Is v(t) a composite number?
False
Is (-2)/(-13) + 11/(2288/25180656) a prime number?
True
Let p = 5674 - 2297. Is p a prime number?
False
Let r(o) = o**3 + 11*o**2 + 2*o - 1. Let q(x) = 3*x - 1. Suppose 2*z + 0*z = -6. Let j be q(z). Is r(j) composite?
False
Let w(g) = g**3 - 21*g**2 - 74*g - 71. Is w(33) a composite number?
True
Let k = -6 - -1. Let n(d) = -2*d**2 - 5. Let t be n(k). Is (-22)/t - 1473/(-5) prime?
False
Is (2 - 5)/(27226/(-5444) - -5) a prime number?
False
Suppose -19*d + 416111 = 24*d. Is d a prime number?
True
Let v = -11 + 12. Let r(l) = 2*l**2 + 3*l - 6. Let d be r(-6). Let u = v + d. Is u a composite number?
True
Suppose 2*g = -g + 15. Suppose -g*q + 4*q = -351. Suppose 0*u - u + 79 = 2*s, -s = -5*u + q. Is u a composite number?
False
Let a = -20 + 35. Suppose -u + a = 3. Suppose -3*m - m = -u, 4*f - m = 329. Is f a composite number?
False
Suppose 0 = 5*c + 3*a - 31, -2*c + 2*a + 6 = -0*c. Let b(i) = 12*i**2 + 5*i - 14. Let x(j) = -j**2 + 1. Let g(d) = b(d) + 5*x(d). Is g(c) prime?
True
Suppose 0*n = -5*n + 6110. Let h(b) = -3*b**3 + 8*b + 35. Let x be h(-6). Let g = n - x. Is g a prime number?
True
Suppose 5*m + 81 + 64 = 0. Let s = 68 - m. Is s a prime number?
True
Let q be ((-63)/6)/((-2)/(-20)). Let g = q - -207. Suppose -38 = -4*r + g. Is r a prime number?
False
Let r(v) = v**3 - 15*v**2 - 11*v + 22. Suppose 3*l + 85 = 8*l. Is r(l) a composite number?
True
Let s = -2255 + 3574. Is s a composite number?
False
Suppose 2*o = -2*d + 8, -d + 4 = 3*d. Suppose -10843 = -4*t + o*g, 6 - 1 = -g. Is t a composite number?
False
Let g(f) = -f + 16. Let z be g(4). Suppose -20840 = 4*r - z*r. Is r composite?
True
Let l(d) = -d**3 + 4*d**2 + 5*d + 3. Let v be l(5). Let b be (-3)/(-1) + -10 + v. Is ((-2)/b)/(7/182) prime?
True
Let q(o) = o**2 + o - 441. Let n be q(0). Is (2/(-1) + n)/(-2 - -1) a composite number?
False
Suppose -3*j + 4*w = -12, -4*j - 2*w + 7*w = -15. Suppose -2*b = -j*b - 1562. Is b composite?
True
Suppose 5*w - 5 - 10 = 0. Suppose 5*f + 5*p - 983 = 3*f, f - w*p = 464. Is f composite?
False
Let o = 1990 + -447. Is o prime?
True
Let p be (1 + -842)*1/(-3)*3. Suppose o + 829 = 3*q, q + 2*q - p = -5*o. Is q prime?
True
Let u = 2972 + 5066. Is u a composite number?
True
Let j(f) = 256*f + 65. Is j(5) a composite number?
True
Let a = -5639 + 9502. Is a a composite number?
False
Let r(w) = w**2 - 7*w - 8. Let n be r(-7). Let l = 481 - n. Is l a composite number?
True
Suppose -5*x = n - 3986, -5*n = -5*x - 4*n + 3984. Is x a composite number?
False
Let g = 4940 - 3179. Is g composite?
True
Let g be (591 + 1)/((-4)/(-6)). Suppose 2*z + 36 = -4*r, -26*z = 2*r - 22*z + 24. Is 1/(-3)*g/r a prime number?
True
Let h = 3938 + -2305. Is h a composite number?
True
Suppose 2*m = 6*t - 4*t + 18008, m - 9019 = 4*t. Is m a composite number?
False
Let m(i) = i**3 + 54*i**2 + 119*i + 71. Is m(-33) prime?
True
Let n be (-4)/(-14) + 13280/70. Let y = n + 463. Is y composite?
False
Let c(i) = 2*i**3 + i**2 + 4*i + 111. Is c(0) a prime number?
False
Suppose -l + 834 = 2*a + 105, 0 = -3*l - 5*a + 2182. Is l composite?
False
Let x(s) = -s - 1255. Let v be x(0). Is v/15*(-2 + -1) prime?
True
Suppose -2079 = -7*o + 1708. Is o composite?
False
Let w(u) = 48*u**2 - 2*u - 1. Let r be w(-2). Let d be r - (0/3 - -1). Let s = 501 - d. Is s composite?
False
Let f = -13 + 7. Let c(d) = 5*d**3 + d**2 + 8*d + 4. Let a(x) = 3*x**3 + 7*x + 5. Let z(g) = 3*a(g) - 2*c(g). Is z(f) prime?
False
Let l(j) be the third derivative of 2*j**4 + j**3/3 - 17*j**2. Is l(4) a prime number?
False
Let u = -45316 + 129615. Is u prime?
True
Suppose -5*j = -292 + 912. Is j/(-2) - (-1 - -5) composite?
True
Let l be 1/((-6)/(-87))*-4. Let p = l - -125. Is p prime?
True
Let z = 64 + -72. Is 21/2 - ((-4)/z)/(-1) prime?
True
Let f be 4/22 - 155/(-55). Suppose -6*l - 45 = -4*n - l, 2*n = -f*l - 5. Suppose -m + 42 + n = 0. Is m a prime number?
True
Let m be (22/8)/(61/12 - 5). Suppose -26*j = -m*j + 826. Is j prime?
False
Let r = 8039 - -3968. Is r a prime number?
True
Is (-104)/572 - (1 + 129560/(-11)) prime?
True
Let o be 14/7 + (4 - 0). Suppose o*c - 5 = 1117. Is c a composite number?
True
Suppose -3*u - b - 558 = 2*b, 0 = 2*b - 10. Let v = 352 + u. Is v composite?
True
Let u(m) = m**2 + 8*m - 14. Let a(y) = -3*y**2 - 23*y + 41. Let z(r) = -4*a(r) - 11*u(r). Is z(7) a prime number?
True
Let c = -8 + 11. Suppose 4*u - 68 + 5 = 3*g, -c*u + 5*g = -50. Is u prime?
False
Suppose 101 = 6*c - 241. Let p be 2/3 - (-7)/3. Suppose p*o + c = 3*b, 2*b - 2*o = 2*o + 30. Is b prime?
True
Let r be (15/(-20))/((-2)/8). Suppose 0 = -2*i - 4*u - 24, 0*i + r*i + 5*u = -32. Is (i/(-6))/((-20)/(-450)) a prime number?
False
Let z be 4/(-2) + (-12)/(-2). Suppose z*s = 3*f - 2974, -s = 4*s - 25. Is f a prime number?
False
Is 13289 - (144/(-84) + 2/(-7)) composite?
False
Suppose 139*c = 186*c - 1599269. Is c a prime number?
False
Suppose 0 = h - 6*h - 740. Suppose -1950 + 711 = 3*q. Let s = h - q. Is s prime?
False
Let j(q) = q. Let b = 20 - 12. Let m be j(b). Is 278/2 + 32/m a prime number?
False
Let h = -665 + 17898. Is h a prime number?
False
Let k(u) = -25*u**2 + u + 10. Let x be k(4). Let q = x - -673.